 is divided by m?
2
Suppose 265*z - 101925 = 5400. Calculate the remainder when 835 is divided by z.
25
Suppose 5*g = -g + 570. Suppose -6*q + g + 19 = 0. What is the remainder when 90 is divided by q?
14
Let r(m) = -m**2 + 11*m - 33. Let z be r(7). Calculate the remainder when (0 - z)*(14 - (-1 - 2)) is divided by 11.
8
Let k be ((4 + -5)*4 + 9)/1. Let n(b) = -b**3 + 8*b**2 + b - 7. What is the remainder when n(k) is divided by 15?
13
Let d = 43 + -47. Calculate the remainder when 46 is divided by d/26 + (1784/(-52))/(-2).
12
Let w(v) = 251*v - 1372. What is the remainder when w(6) is divided by 16?
6
Let r(c) be the second derivative of -1/20*c**5 - 5/2*c**2 + 0 + 17*c + 2*c**3 + 2/3*c**4. Calculate the remainder when r(8) is divided by 31.
29
Let a = 48 + 39. Let y = a - 79. Suppose -2*t - 3*q + 42 = 0, 4*q - y = -0. What is the remainder when 87 is divided by t?
15
Let a(j) = 3*j - 5. Let f = -7 - -4. Let n(k) = k**2 + 2*k + 2. Let r be n(f). Calculate the remainder when 45 is divided by a(r).
5
Suppose -2*v - 3*v = -20. Suppose 2*a - 162 = -5*i, i + 2*a = 11 + 23. Suppose 20 = 4*b - i. What is the remainder when b is divided by v?
1
Suppose 15 = 2*g + 3*m - 6, 5*m = g - 30. What is the remainder when 1518 is divided by g?
3
Suppose -10*y + 6*y = 5*z - 439, -2*y + 5*z + 197 = 0. Calculate the remainder when 154 is divided by y.
48
Suppose 3*w = -5*a + 382, 34*w + 511 = 38*w + 5*a. Calculate the remainder when 256 is divided by w.
127
Let k = -5243 - -13391. Calculate the remainder when k is divided by 143.
140
Let z(l) = -4*l + 4. Let n(c) = 21*c - 19. Let q(t) = -2*n(t) - 11*z(t). Let w = -364 + 384. Calculate the remainder when w is divided by q(6).
2
Let l be (-13)/(-6) - (-3)/(-18). Suppose j - 2 = l. Let c = -189 + 206. Calculate the remainder when c is divided by j.
1
Let m = -5397 + 36220. What is the remainder when m is divided by 137?
135
Suppose -l = -5, -2*s - s + 39 = 3*l. Suppose 4*i + 11*g = 13*g - 236, 244 = -4*i - 2*g. Let t = i + 96. Calculate the remainder when t is divided by s.
4
Suppose -1871 + 524 = -3*k + 3*i, 3*k = -2*i + 1342. Let u = k + -332. What is the remainder when u is divided by 26?
12
Let p(m) = -m**3 - 5*m**2 - 5*m - 2. Let v be p(-4). Let t be 4 - (-115 + -3 + v). Suppose -a + 3*a = t. Calculate the remainder when a is divided by 23.
14
Suppose -15*s = -11*s - 2280. Suppose -s = 9*q - 1866. What is the remainder when q is divided by 29?
28
Let b(k) = 26*k**3 + k. Let o(x) = x**2 + 6105*x - 91792. Calculate the remainder when b(1) is divided by o(15).
3
Suppose 0 = -2*k - f, -5*k + 4*f = -0*f - 26. Suppose k*m + 31 = -4*x + 59, -4*x + 22 = 5*m. Calculate the remainder when 16 is divided by x.
0
Let x(b) = -71*b**3 - b**2 + b + 2. Let t(d) = d**3 + d**2 - d - 2. Let c be t(1). What is the remainder when x(c) is divided by ((-72)/(-60))/(1/15)?
17
Suppose 3*d - 2*d = -4*x + 76, -x = 2*d - 138. Let a = d + -54. Suppose -3*g + 2 = 14, -5*t + 254 = 4*g. What is the remainder when t is divided by a?
12
Let h(w) = -w**3 - 6*w**2 + 78*w + 560. Calculate the remainder when h(-7) is divided by 164/10 - (-2)/(-5).
15
Calculate the remainder when 1349 + 7*(-19)/133 is divided by 23.
14
Suppose -18*h + 328 = -26*h. Let l = 97 + h. Calculate the remainder when 75/30*l/10 is divided by 2.
0
Let t be (-1)/(5/(-18)) - 2/(-5). Suppose -t*c = z - 44, 0 = 2*z + 3*c - 67 - 26. Suppose 47*q - z*q + 77 = 0. What is the remainder when q is divided by 13?
12
Suppose 5*r = -x + 1484, 41 - 291 = -r + 5*x. Calculate the remainder when 5014 is divided by r.
294
Let k(w) = w**3 + 10*w**2 - 2*w + 1. Let j be 1 - 0 - (7 + 4). What is the remainder when (-2772)/(-49) - 1 - 9/(-21) is divided by k(j)?
14
Suppose -163*h + 159*h + 139 = 5*y, 2*h + 3*y - 75 = 0. Let c be 4*(2 - 5/4). Suppose -c*r + 14 = -2*r. Calculate the remainder when h is divided by r.
7
Suppose 2*z + 19 = 3*z. Suppose 4*y - 76 = -4*c, 48 - 62 = 2*y - 2*c. What is the remainder when z is divided by y?
1
Let b(y) = y**3 + y + 16. Suppose -6719*t + 64788 - 24391 = -214925. Calculate the remainder when t is divided by b(0).
6
Let d(x) = -20*x**3 - 3*x**2 - 7*x + 1. What is the remainder when d(-2) is divided by 95?
68
Let o = 32065 - 31275. Calculate the remainder when o is divided by 92.
54
Suppose -115218 = 45*n - 119403. Let u(d) = 2*d**3 + 4*d**2 + 3. Calculate the remainder when u(3) is divided by n.
0
Let b(r) = -r**2 + 13*r + 50. Suppose 3*l + 5*x - 42 = 0, -10 = -0*l - l - 3*x. What is the remainder when b(11) is divided by l?
15
Suppose -4*d = -4, 8 = 3*l - 2*l - 5*d. Let m(y) = y**2 + 14*y + 40. Calculate the remainder when m(-18) is divided by l.
8
Let u(n) = 2*n**2 + 65*n + 351. Suppose o + f = 6*o - 41, 4*o = 3*f + 35. Calculate the remainder when u(-27) is divided by o.
6
Let d = -832 - -1459. Calculate the remainder when d is divided by (384/(-72))/(464/(-3219)).
35
Suppose 14*u - 4*u = 1210. Let s = u + -73. What is the remainder when s is divided by 15?
3
Suppose -2*q + 4*w = -1036, 3*w + 2576 = -6*q + 11*q. Let l = q - 377. What is the remainder when l is divided by 70?
67
Suppose 767 = -43*f + 1799. Calculate the remainder when 2877 is divided by f.
21
Suppose -5120 - 10246 = -394*u. Let p = 12 + 0. What is the remainder when u is divided by p?
3
Let z(r) = -3*r**3 - 3*r**2 + 50*r - 22. Calculate the remainder when 305 is divided by z(-5).
25
Calculate the remainder when (12/20)/(75/12250) is divided by 63.
35
Let t = 2182 - 269. Suppose -5*v + t + 582 = 0. Suppose -11*c + v = -227. Calculate the remainder when c is divided by 34.
32
Let r be 2/10 - (580/25)/(-4). Suppose -g - 2*g + 45 = 0. What is the remainder when (r/(-18))/(1/(-81)) is divided by g?
12
Suppose 0 = 40*w - 51*w + 1265. Suppose -4*b + 5*z = z - 132, 5*b + 5*z - w = 0. Calculate the remainder when b is divided by 13.
2
Let g = -17 + 48. Let z = 12 + g. Let v(m) = -m - 6. What is the remainder when z is divided by v(-17)?
10
Let n be (6/4)/((-2)/(-272)). Suppose -c = -5*c + n. Let w(p) = -p**2 - 21*p + 370. Calculate the remainder when c is divided by w(-32).
15
Let v be (-37)/6*(-11 - -5). Let m = v - 37. Suppose -4*y + 34 = -p - 36, -y + 2*p + 14 = m. Calculate the remainder when 52 is divided by y.
16
Let z(u) = -u**3 + 19*u**2 - 32*u + 29. Let i be z(16). What is the remainder when 129 is divided by 4*-1*i/(-76)?
9
What is the remainder when 265 is divided by 28 + 72 - (-120)/(-10)?
1
Let d be -4*(6/(-12) - 0/(-3)). Suppose -2*u - 11 = -g - 29, g - 18 = -d*u. Calculate the remainder when u is divided by 6.
3
Let c be ((-5634)/(-4))/3*98/147. Let y = c - 294. Calculate the remainder when 74*1/(-2)*-1 is divided by y.
18
Let w(h) = -15*h**2 + 2*h - 2. Let x be w(-6). What is the remainder when -3*7/84 - x/8 is divided by 0 - ((-2 + 1 - 7) + -2)?
9
Suppose 1037 + 171 = 22*a + 42. What is the remainder when 449 is divided by a?
25
Let m(s) = s + 37. Suppose 4*g = 2*y - 102 + 52, 3*y = 4*g + 97. What is the remainder when y is divided by m(0)?
10
Suppose 0*n - 15*n = 18 - 138. What is the remainder when 22 is divided by n?
6
What is the remainder when ((3 + -17)/(-2))/(3/66) is divided by (27 - (-2 - -2)) + 112/(-28)?
16
Let g = 3358 - 3290. Calculate the remainder when 392 is divided by g.
52
Suppose 137 = -c + 3*a, 2*a - 142 = c - 2*a. Let p = 123 + c. Calculate the remainder when 61 is divided by 65*2/8 + p/(-4).
13
Suppose 12*v - 14*v = 4. Let n be (48/(-84))/(v/7). Suppose 10 = n*t - 0*t - 2*l, -3*l = 6. Calculate the remainder when 8 is divided by t.
2
Suppose 5*y + 2*l = 711, 3*l + 93 = y - 39. What is the remainder when y is divided by 27?
6
Let c(z) be the first derivative of 23 - 5*z**3 + 1/4*z**4 + 0*z**2 + 35*z. What is the remainder when 69 is divided by c(15)?
34
Let m(s) = 2*s**2 - 9*s - 31. Calculate the remainder when -1*-10*-5*(-2)/25 is divided by m(7).
0
Suppose 3*j + 4*m - 216 = -50, 2*m = -3*j + 158. What is the remainder when 221 is divided by j?
21
Let c(i) = 10*i - 14. Let b be c(12). Suppose -b*g + 101*g + 125 = 0. What is the remainder when 298 is divided by g?
23
Let u = -526 + 612. Suppose 9 = -85*k + u*k. Let f(i) = i**3 + 7*i**2 + 2*i - 5. What is the remainder when f(-4) is divided by k?
8
Suppose -5*p = -1401 + 336. Suppose 0*s = s - p. Suppose 14*j - 2